 68*p + 165. Calculate t(26).
-251
Let k(d) = -3817*d + 191447. Calculate k(50).
597
Let j(v) = -3*v**3 - v**2 + 253*v + 512. Calculate j(-2).
26
Let d(q) = 108*q + 1104. Calculate d(-11).
-84
Let j(m) = 153*m**2 + 12240*m - 386. Determine j(-80).
-386
Let p(d) = d**3 - 374*d**2 - 4230*d - 1916. Calculate p(385).
9
Let y(w) = -529*w - 6898. Determine y(-13).
-21
Let h(v) = 24*v**2 + 1187*v + 104. What is h(-49)?
-435
Let o(t) = 2*t**3 - 75*t**2 - 577*t + 155. Determine o(44).
-65
Let v(d) = 30868*d - 895173. What is v(29)?
-1
Let i(c) = 590*c + 29626. Give i(-51).
-464
Let s(g) = 1056*g - 128847. Give s(122).
-15
Let y(p) = 2*p**2 + 201*p + 880. Determine y(-96).
16
Let b(u) = 6*u**2 - 3905*u - 31444. Calculate b(-8).
180
Let o(w) = 3*w**2 + 4009*w + 71179. Give o(-18).
-11
Let v(x) = 8*x**2 + 495*x - 2106. Determine v(4).
2
Let k(h) = -h**3 - 124*h**2 - 1329*h + 1481. Give k(-112).
-199
Let n(x) = 747*x - 21474. Determine n(30).
936
Let w(m) = -104*m**3 + 44*m**2 - 156*m + 24. Give w(3).
-2856
Let y(k) = 24980*k - 99916. Calculate y(4).
4
Let d(u) = 3932*u - 482982. Give d(123).
654
Let a(n) = -2*n**2 - 933*n - 24996. Give a(-438).
-30
Let j(p) = -26*p**3 - 9*p**2 - 4*p + 6. What is j(-1)?
27
Let j(y) = 45088*y - 1532932. Calculate j(34).
60
Let u(j) = -3469*j + 6923. Give u(2).
-15
Let x(l) = -l**3 + 154*l**2 - 774*l - 3040. Determine x(8).
112
Let d(k) = -1289*k - 52755. What is d(-41)?
94
Let g(y) = -16082*y + 11916769. What is g(741)?
7
Let m(h) = -18*h**2 - 14376*h - 9581. Determine m(-798).
-5
Let n(o) = 1686*o + 1319. Give n(-1).
-367
Let u(k) = -9837*k - 363955. Give u(-37).
14
Let v(d) = -1047*d + 18386. Give v(17).
587
Let k(n) = 118*n + 650. Determine k(-4).
178
Let r(p) = 3*p**3 - 111*p**2 + 214*p + 8514. Determine r(32).
2
Let q(a) = 234*a - 3155. Give q(12).
-347
Let m(v) = 143*v**2 + 807*v + 3211. Calculate m(-4).
2271
Let t(p) = -p**2 + 1990*p + 7969. Give t(-4).
-7
Let w(j) = -25*j**2 - 2200*j + 4510. Give w(2).
10
Let i(w) = -1912*w - 1152951. What is i(-603)?
-15
Let t(y) = -6*y**2 - 4225*y - 174882. Determine t(-660).
18
Let c(y) = 7*y**2 - 989*y + 33980. Determine c(59).
-4
Let p(c) = -5106*c - 679089. What is p(-133)?
9
Let r(n) = -3*n**2 + 41*n + 1965. What is r(-21)?
-219
Let v(z) = -81*z + 264. What is v(26)?
-1842
Let v(q) = -372*q + 665. What is v(2)?
-79
Let l(z) = 1129*z + 12472. What is l(-11)?
53
Let d(z) = 34*z**3 - 20*z**2 - 50*z - 10. Determine d(-2).
-262
Let i(p) = -70*p**2 - 4435*p + 815. Calculate i(-63).
2390
Let t(i) = -3*i**3 + 279*i**2 + 1472*i - 175. What is t(98)?
21
Let v(y) = -26*y**3 + 13124*y**2 + 3040*y - 5038. What is v(505)?
12
Let v(f) = f**2 + 70*f - 1064. What is v(-87)?
415
Let m(h) = 16673*h - 66717. Calculate m(4).
-25
Let x(f) = -3*f**2 + 603*f + 15261. Determine x(224).
-195
Let n(d) = -3*d**2 + 941*d - 32340. Give n(275).
-440
Let d(s) = 5*s**2 - 1719*s + 15358. Calculate d(9).
292
Let g(l) = -4041*l - 145628. Determine g(-36).
-152
Let k(f) = 26036*f - 156354. Determine k(6).
-138
Let s(w) = -9*w**2 + 37313*w - 37315. Determine s(1).
-11
Let h(b) = -2054*b + 41947. Determine h(21).
-1187
Let n(j) = -j**2 + 33562*j - 637375. What is n(19)?
-58
Let h(z) = -20073*z - 380517. What is h(-19)?
870
Let d(j) = j**2 + 7686*j + 69092. What is d(-9)?
-1
Let k(b) = 8*b**2 - 657*b + 3263. Give k(5).
178
Let n(b) = -258*b**2 + 98035*b + 1933. What is n(380)?
33
Let f(r) = r**2 + 159*r + 221. Calculate f(-152).
-843
Let j(g) = 24238*g + 339347. Give j(-14).
15
Let n(m) = -59*m**2 + 101*m - 451. Give n(7).
-2635
Let r(u) = 2794*u - 86601. Give r(31).
13
Let u(z) = z**2 - 61128*z - 244509. Give u(-4).
19
Let s(w) = -9082*w - 563303. Calculate s(-62).
-219
Let a(g) = 4*g**3 - 6*g**2 - 159*g + 19. Determine a(7).
-16
Let v(a) = -8*a**3 - 14*a**2 + 3*a + 15. Give v(-6).
1221
Let c(j) = 32265*j - 193674. What is c(6)?
-84
Let p(q) = 450*q - 11903. What is p(25)?
-653
Let g(y) = -y**3 - y**2 - 86*y - 609. Give g(-7).
287
Let w(c) = 4029*c + 36610. Calculate w(-9).
349
Let i(d) = 19*d**3 + 582*d**2 - 187*d + 964. What is i(-31)?
34
Let w(k) = 512*k + 87983. Determine w(-172).
-81
Let z(l) = -121*l - 3621. Determine z(-31).
130
Let l(d) = -1937*d - 391269. Determine l(-202).
5
Let p(m) = 7*m**2 + 110*m - 775. What is p(8)?
553
Let s(h) = -2496*h - 1210554. Calculate s(-485).
6
Let d(f) = 33235*f - 2858246. Calculate d(86).
-36
Let t(g) = -5334*g + 496119. Determine t(93).
57
Let c(f) = 7*f**2 - 1543*f + 10809. What is c(7)?
351
Let x(t) = 2*t**3 + 4*t**2 - 56*t + 1541. Give x(0).
1541
Let n(o) = 7*o**3 + 160*o**2 - 6*o + 50. What is n(-23)?
-341
Let u(t) = -130*t - 3158. Determine u(-23).
-168
Let a(x) = 145*x**2 - 844*x - 151. Give a(6).
5
Let g(i) = -8*i**2 - 6246*i - 37451. What is g(-6)?
-263
Let c(t) = -10*t**2 - 621*t - 2105. Determine c(-58).
273
Let d(m) = m**2 + 277*m + 18504. Give d(-174).
582
Let a(p) = 2*p**3 - 506*p**2 - 2065*p - 31. What is a(-4)?
5
Let f(s) = s**2 - 625*s - 4. Determine f(0).
-4
Let t(u) = u**2 + 4923*u + 2945513. What is t(-697)?
-9
Let n(z) = -z**3 - 9*z**2 + 1591*z + 17252. What is n(-11)?
-7
Let g(c) = -2*c**3 - 6*c**2 + 161*c + 1751. Give g(-11).
1916
Let v(x) = -23870*x + 739944. Calculate v(31).
-26
Let t(c) = -c**2 - 3325*c - 62805. Determine t(-19).
9
Let w(r) = 109*r**2 + 472*r + 5. What is w(-5)?
370
Let u(h) = -h**3 - 8*h**2 + 149*h + 512. Determine u(-15).
-148
Let j(t) = t**3 - 295*t**2 - 20882*t + 179. What is j(-59)?
-57
Let i(b) = 865942*b - 865948. What is i(1)?
-6
Let w(u) = -u**2 + 8*u + 10052. What is w(104)?
68
Let z(x) = 6*x**2 - 2294*x - 13935. Give z(-6).
45
Let c(u) = 51*u**2 + 128*u - 28. Determine c(-4).
276
Let s(c) = -187171*c - 4866464. Give s(-26).
-18
Let c(p) = -3*p**3 - 428*p**2 + 230*p + 12442. What is c(-143)?
1
Let i(v) = v**3 - 52*v**2 - 109*v - 45. Determine i(54).
-99
Let t(a) = a**3 + 326*a**2 + 2586*a + 734742. Give t(-325).
-83
Let y(a) = 601*a - 7993. Give y(13).
-180
Let p(c) = 2*c**3 + 684*c**2 - 407*c + 95705. What is p(-343)?
8
Let y(t) = -2*t**2 - 2486*t - 7461. Give y(-3).
-21
Let h(u) = -518*u - 56970. Calculate h(-110).
10
Let g(c) = -c**3 + 3509*c**2 - 107874*c + 1740. Give g(31).
4
Let f(u) = 42789*u + 42841. Calculate f(-1).
52
Let z(g) = 72*g**2 - 18276*g + 104161. Calculate z(248).
1
Let k(g) = -2*g**3 + 52*g**2 - 49*g + 1268. Calculate k(26).
-6
Let w(p) = 2*p**3 - 885*p**2 - 6616*p + 349773. What is w(449)?
2
Let f(j) = -1181*j - 42546. Determine f(-36).
-30
Let d(k) = -7*k**3 - 5*k**2 - 654*k + 3970. Give d(6).
-1646
Let r(a) = -25304*a - 152646. Give r(-6).
-822
Let b(a) = -2*a**3 + 18*a**2 - 135*a + 958. What is b(8)?
6
Let h(n) = -386*n + 2161. Determine h(-3).
3319
Let b(k) = -131*k**2 + 13888*k - 248. Give b(106).
-36
Let p(s) = 522*s - 8385. What is p(16)?
-33
Let b(r) = -r**2 + 5119*r + 211610. What is b(-41)?
50
Let a(p) = 2*p**2 - 183*p + 619. What is a(99)?
2104
Let w(c) = -2*c**3 + 426*c**2 - 438*c + 3212. Give w(212).
244
Let b(g) = 27553*g - 82657. What is b(3)?
2
Let r(g) = 151*g + 8394. Calculate r(-45).
1599
Let s(c) = 2717*c + 127704. What is s(-47)?
5
Let w(z) = 442708*z + 4869779. Determine w(-11).
-9
Let v(j) = -2*j**3 + 306*j**2 - 1855*j + 522. Determine v(6).
-24
Let a(r) = 398*r + 14296. What is a(-36)?
-32
Let j(a) = -109051*a - 109019. Give j(-1).
32
Let j(c) = 26*c**2 - 1442*c - 120. Give j(56).
664
Let a(v) = -v**2 + 36483*v + 6525657. Determine a(-178).
-1
Let l(r) = 2588*r - 258813. Calculate l(100).
-13
Let z(l) = -2840*l**2 - 31233*l - 31. What is z(-11)?
-108
Let k(d) = -17669*d - 13852502. Calculate k(-784).
-6
Let d(z) = 85*z**2 - 20*z + 3. Determine d(-4).
1443
Let q(h) = 144*h**2 - 783*h + 336. What is q(5)?
21
Let p(f) = -f**3 - 8*f**2 + 811*f + 10270. Give p(-14).
92
Let w(x) = -1504*x - 127793. Calculate w(-85).
47
Let v(f) = -3*f**3 - 102*f**2 - 722*f + 1500. What is v(-22)?
-40
Let y(u) = -4*u**3 + 81*u**2 + 6*u - 463. Give y(20).
57
Let j(y) = -y**3 - 92*y**2 - 243*y + 2251. What is j(-89)?
115
Let h(i) = -i**2 + 479294*i - 8626964. Give h(18).
4
Let b(y) = -3*y**3 + 8*y**2 + 16*y + 19. Determine b(8).
-877
Let m(y) = -6322*y - 25261. Give m(-4).
27
Let p(r) = r**3 + 221*r**2 + 7460*r + 8800. Give p(-40).
0
Let d(n) = 2*n**3 + 133*n**2 - 101*n - 1945. What is d(-67)?
3